 t**3 - t**2 + 4*t + 7. Let c(m) = 3*m**3 - 2*m**2 + 9*m + 16. Let z(w) = 7*a(w) - 3*c(w). What is z(-1)?
1
Let x(k) = -k**3 + 3*k**2 + 2*k - 4. Let j = -116 + 128. Suppose 0*i - 4*i = -j. Determine x(i).
2
Let f(z) = 2*z + 5. Let l(k) be the second derivative of k**4/12 - k**3 + k**2 + 11*k. Let d be l(3). Let v = d - -2. Give f(v).
-5
Let z(p) = -p + 4*p - 2*p + 5548 - 5540. Calculate z(-7).
1
Let v(q) = 42*q - 4. Let l(t) = 26*t - 3. Let c(k) = -8*l(k) + 5*v(k). Suppose -2*o = -5*o - 12. Determine c(o).
-4
Let z be 18/4*(-120)/18. Let i = -34 - z. Let m(k) = -17*k**2 + 14*k - 5. Let h(g) = 6*g**2 - 5*g + 2. Let u(v) = i*m(v) - 11*h(v). Give u(-2).
8
Let t be 12/(6*2/6). Let x(m) = t + 3 - 3 + 2 - m. Let h be -1 - -2 - (-4)/1. Determine x(h).
3
Let i(p) be the first derivative of -p**3/3 + 27. Let m be i(-1). Let l(g) = -2*g**2 + 2*g + 1. What is l(m)?
-3
Let a(s) = 9*s - s**3 + 7 + 5 - 2*s**2 - 6*s**2 - 3 + 1. What is a(-9)?
10
Suppose -4*y - y = -205. Suppose -11 + y = -5*c. Let b(q) = -q**2 - 7*q - 6. Calculate b(c).
0
Let w(q) = 3*q - 13 - 15*q + 16 - q**2. What is w(-12)?
3
Suppose 15*w - 14*w = -35*w - 144. Let u = 8 + -5. Let i(t) = t**3 + 0*t**3 - 4*t + 2 + u*t**2 + 1. Determine i(w).
3
Let o(w) = w + 15. Let f = 3 - -44. Suppose -u - 2 = h + 11, 3*u + f = -4*h. Give o(h).
7
Suppose -380*v = -387*v + 14. Let z(n) be the second derivative of 0 + 4*n - 1/6*n**3 + v*n**2. Determine z(6).
-2
Suppose -14 = -x - x. Let k(z) = 3 + 3*z - 11 - 2*z. Give k(x).
-1
Let v(c) be the first derivative of c**3/3 + 7*c**2/2 - 10*c - 270. What is v(-9)?
8
Let w(r) = r**3 + 7*r**2 + 7*r + 5. Let v be w(-6). Let m(k) = k - 39*k**2 + 54*k**2 + 1 - 31*k**2. Calculate m(v).
-16
Let k(q) be the second derivative of q**4/12 + 5*q**3/6 - 2*q**2 + 37*q. Let v = 3 - 2. Let j = -6 + v. Calculate k(j).
-4
Suppose 2*a - 4 = 2*c + 4*a, 2*a = 5*c - 18. Let t(y) be the third derivative of -2*y**2 - 1/6*y**4 + 1/2*y**3 + 64*y + 0 + 1/15*y**5. Calculate t(c).
11
Let k(f) = -f + 2 - 1 + 4*f - 2. Let q be (-100 - -104) + (1 - 2). Calculate k(q).
8
Let g(k) = -3*k**2 - 56. Let c(q) = -q**2 - 1. Let m(d) = -4*c(d) + g(d). Let r(w) be the first derivative of m(w). Determine r(-5).
-10
Let v(d) = -d**3 + 3*d**2 - 3. Suppose 0 = -m + 1 - 6. Let c be 200/m*(-3)/(-2). Let h be 1/7 + c/(-21). What is v(h)?
-3
Let x(n) be the third derivative of -n**6/120 - n**5/10 + 5*n**4/24 + n**3/6 - 14*n**2 + 4. Calculate x(-7).
15
Let s be 1 + (-9)/(-6)*2. Let q(i) = -i - i + 9*i + 7 - s*i. What is q(-6)?
-11
Let f = -439 + 449. Let w(o) = 3*o - 10. What is w(f)?
20
Let y(m) be the second derivative of m**3/3 + 13*m**2/2 - 152*m. Give y(-10).
-7
Let m(y) be the third derivative of -1/60*y**5 + 0*y**4 + 0*y + 0 - y**2 + 2/3*y**3. Determine m(-3).
-5
Let w(z) = z**3 + 9*z**2 + 2*z + 12. Let m(r) = -15*r. Let y be m(-6). Suppose 4*u + 6*u + y = 0. Give w(u).
-6
Let k(t) = -32*t + 27. Let b be k(1). Let h(x) = -x**2 - 4*x + 1. Give h(b).
-4
Suppose 101 = -89*g - 77. Let r(w) = -w**3 - w**2 - 3*w - 2. What is r(g)?
8
Suppose -5*z - 32 = 3*z. Let u = z - 2. Let s(d) be the second derivative of -d**5/20 - 7*d**4/12 - 2*d**3/3 + 2*d**2 - 2*d. Calculate s(u).
-8
Let q(p) = -p - 1141 - 2*p + 1141. What is q(-3)?
9
Let i(n) = -n**3 - 4*n**2 + 6*n + 4. Let m be i(-5). Let q(r) = 4*r**3 - r**2 + r + 1. Determine q(m).
-5
Suppose 3 = 5*y - 2. Let g(s) = 2*s + 3*s - 2*s - 4*s - 13. Let i(u) = 1. Let a(z) = y*i(z) - g(z). Calculate a(-6).
8
Let c(y) = 2*y + 10*y + 4 + 13*y**2 - 17 + 11 + y**3. Calculate c(-12).
-2
Let y(q) = 5*q - 9. Let u(x) = -21*x + 36. Let d(a) = -2*u(a) - 9*y(a). Let w = -209 - -215. Give d(w).
-9
Let u(o) = 35*o - 249. Let z be u(7). Let y(m) = -m - 5*m**2 + 0*m - 2 - m**3 + 2*m**2 - 2*m**2. What is y(z)?
-14
Let m(h) be the first derivative of 13*h**6/120 - h**5/60 - h**4/12 - h**3/6 - 11*h**2/2 - 21. Let t(y) be the second derivative of m(y). Give t(-1).
-13
Suppose 8*s - 4*s = 2*o + 20, -5*s + 4 = -o. Let n = -11 - o. Let i(q) = q**2 - 2*q + 2. Let r(a) = -3*a**2 + 5*a - 4. Let d(f) = 5*i(f) + 2*r(f). What is d(n)?
-7
Let t = -59 - -66. Let d(n) = -n**2 + 8*n + 4. Calculate d(t).
11
Let u = -2 - 2. Let k(b) = b**2 + b - 9. Let t be k(u). Let z(x) = x + 5 + 3 + 0 - x**t - 2*x**2 - 4*x**2. Determine z(-6).
2
Let h = 30 - 23. Suppose -h*g + 2*g - 8 = z, 7 = -2*z - g. Let l(d) = -d**2 - 3*d. Determine l(z).
0
Let l(r) = 2*r**3 + 13*r**2 - 9. Let u be -1*(-3)/(-4)*(-4)/(-1). Let n(z) = -z**3 - 7*z**2 + 5. Let a(j) = u*l(j) - 5*n(j). What is a(-3)?
-7
Let t(d) = d + 1. Suppose -3*g = -k + 5, -3*g + 4*k - 26 + 6 = 0. What is t(g)?
1
Let h(y) be the third derivative of 5*y**4/24 + 4*y**3/3 + 164*y**2. Determine h(-7).
-27
Let t(g) = -g**3 - 13*g**2 + 2*g + 22. Let i be t(-13). Let c(y) be the third derivative of 0*y + 0 - 1/6*y**4 + 5/6*y**3 - 3*y**2 - 1/60*y**5. What is c(i)?
5
Suppose -31*n + 87 = 25. Let b(z) = -20*z + 1. Calculate b(n).
-39
Let w(j) be the second derivative of j**5/20 - j**4/2 - 5*j**3/6 + 2*j**2 + 91*j. Determine w(7).
18
Suppose o = 7 - 11. Let r be 3 - 2 - (o + 2). Let u(l) = -2*l**3 - l**r - 5 + 4. Give u(1).
-4
Let q be 15/10*(-1 - (-11)/3). Let b(c) = c**2 + 3*c - 1. Let d be b(-6). Suppose f + 4*y = y - d, -f = q*y + 22. Let l(j) = 2*j**2 + 2*j - 2. What is l(f)?
2
Let w(m) = 3*m - 6. Let k(a) = 2*a**2 + 5*a - 5. Let c be k(-4). Let j = c - 1. Determine w(j).
12
Let i(p) = -p**2 + 6*p - 5. Let u = -273 + 277. Give i(u).
3
Let b(t) = -t + 2. Suppose -2*m = -14 + 6. Let y be m + (0 - 3) + 3. Let g = y - 4. Give b(g).
2
Suppose 5*n + l = -2*l + 3, 1 = 5*n + l. Let d(s) be the first derivative of -2 + 1/2*s**2 + s. Determine d(n).
1
Let f(b) be the second derivative of 3/40*b**5 + 0*b**2 - 1/24*b**4 - 1/360*b**6 + 10*b + 0 - 1/2*b**3. Let p(j) be the second derivative of f(j). What is p(8)?
7
Let f = 1903 - 1908. Let c(z) = -6*z + 2. Let l(d) = -7*d + 2. Let t(p) = -6*c(p) + 5*l(p). Calculate t(f).
-7
Let d(n) be the third derivative of 5*n**4/12 - n**2. Let t = 830 + -831. Calculate d(t).
-10
Let n = 135 + -132. Let j(c) = -31 + 16 + 12 - n*c. Give j(-2).
3
Let z(q) be the first derivative of -q**4/4 + q**3/3 - q**2/2 - 13*q + 11. Suppose 11*f = 15*f. Suppose f = 5*t - 0*t. Determine z(t).
-13
Let s(w) = 9*w + 6 + 0 + 9 - 7*w - 18. Let m(p) = -p**2 + 3*p. Let y = 2 - 0. Let f be m(y). Calculate s(f).
1
Let h(r) = 6*r - 3 - 4 - 1 - 2*r. What is h(3)?
4
Suppose w = 3*w - 4. Let t be 33/12 - w/(-8). Let v(s) = s - 4*s + t*s + s**2. Give v(-3).
9
Let u(o) = -o - 2. Let v(n) = n + 8. Let l be v(-7). Let y be 5/(-1) + l - -4. What is u(y)?
-2
Let s(a) = -2*a**2 + a + 2. Let m = 274 - 277. Give s(m).
-19
Let c(d) be the first derivative of -d + 3/2*d**2 + 3. Let z = 3 + -2. Give c(z).
2
Let h(o) = -o. Let m(g) = 10*g + 7. Let a(k) = -5*k - 3. Let v(w) = 5*a(w) + 2*m(w). Let y(z) = -2*h(z) - v(z). Give y(-3).
-20
Let f(h) be the third derivative of 0*h + 1/24*h**4 + 0 + 2/3*h**3 + 6*h**2. What is f(0)?
4
Let f(i) be the second derivative of 3/2*i**2 + 4*i + 0 + 1/3*i**3 + 1/12*i**4. What is f(-3)?
6
Let i(h) be the first derivative of -h**3/3 + 7*h**2/2 + 3*h + 69. What is i(7)?
3
Suppose -2*k = -72 + 82. Let u(y) = -2*y**3 + 2*y**2 + 1. Let r(t) = -2*t**2 + 2*t - 1 + 2*t**3 - 2*t. Let a(z) = k*u(z) - 4*r(z). Give a(2).
7
Let r(f) = 2*f + 5. Let o be r(-9). Let j(m) = -m - 18. Give j(o).
-5
Let s(x) = -x**2 - 4*x - 3. Let u(n) = n**2 + 4*n + 3. Let y(j) = 5*s(j) + 6*u(j). Let g = -127 - -123. Calculate y(g).
3
Suppose 4*g = l - 7, -124*l + 129*l - 18 = 3*g. Let p(i) = -5*i**2 + 2*i + 3. Determine p(l).
-36
Suppose 0 = 3*w + 3*j + 15, 0 = -2*w + 5*j + 11. Let d(n) = -n + 3. What is d(w)?
5
Let r(m) = -m**2 + 11*m - 10. Suppose -5*g = t - 32, 5*t - 2 = 2*g - 4. Let k(j) = j**2 - 4*j - 2. Let a be k(g). Calculate r(a).
0
Let b(y) = 4*y**3 - 40*y**2 + 28*y + 32. Let o(g) = g**3 - 10*g**2 + 7*g + 8. Let f(i) = -2*b(i) + 9*o(i). What is f(9)?
-10
Let u(l) = -l - 4. Suppose 4*k + 5*y = 48, -3*y = -k + 2 - 7. Let s(p) = 3*p + 13. Let x(j) = k*u(j) + 2*s(j). Calculate x(2).
-4
Let d(g) = -g + 4. Let m be (5 - -1)*(2 - 1). Suppose -m*z = -2*z - 16. What is d(z)?
0
Let p(y) = -7*y - 1. Let a be p(-3). Let j = a - 16. Let m(d) = -2*d + 9*d - j + 0*d - 3*d + d**2. Calculate m(-4).